e?
True
Is 21089 a prime number?
True
Is 57539 composite?
True
Is 1791017 prime?
True
Is 48647 composite?
False
Is 3802 composite?
True
Is 14233 a composite number?
True
Is 151429 a composite number?
False
Is 256535 a prime number?
False
Is 16183 composite?
False
Is 6899 a composite number?
False
Is 25013 prime?
True
Is 4597 a composite number?
False
Is 434803 prime?
True
Is 504601 prime?
False
Is 12853 prime?
True
Is 301577 a prime number?
True
Is 1101995 composite?
True
Is 42797 composite?
False
Is 415457 prime?
False
Is 17363 a prime number?
False
Is 54637 a composite number?
True
Is 86611 composite?
True
Is 90353 a prime number?
True
Is 4893377 a prime number?
True
Is 43541 a composite number?
False
Is 250105 composite?
True
Is 2134531 a composite number?
True
Is 32987 composite?
False
Is 3492403 a prime number?
False
Is 3777 a composite number?
True
Is 14969 a prime number?
True
Is 1205 a prime number?
False
Is 11579 composite?
False
Is 17231 composite?
False
Is 35863 prime?
True
Is 72809 a prime number?
False
Is 1189 a prime number?
False
Is 27127 a prime number?
True
Is 21701 a prime number?
True
Is 578621 a prime number?
True
Is 1741 a composite number?
False
Is 30911 a prime number?
True
Is 2237 a composite number?
False
Is 482005 a prime number?
False
Is 421061 a prime number?
False
Is 29553 prime?
False
Is 8353 prime?
True
Is 1831 prime?
True
Is 120821 prime?
False
Is 1827079 a composite number?
True
Is 11003 a prime number?
True
Is 29177 composite?
True
Is 374713 prime?
True
Is 82279 a prime number?
True
Is 4967 prime?
True
Is 35297 prime?
False
Is 1511 prime?
True
Is 27257 a composite number?
True
Is 85409 prime?
False
Is 373151 a composite number?
False
Is 23347 a composite number?
True
Is 272927 prime?
True
Is 122851 a composite number?
True
Is 11735 a prime number?
False
Is 132746 a prime number?
False
Is 3593 prime?
True
Is 77899 a prime number?
True
Is 2923 prime?
False
Is 3611243 prime?
True
Is 3103 composite?
True
Is 25523 a prime number?
True
Is 129923 a prime number?
False
Is 82595 a prime number?
False
Is 3977 prime?
False
Is 6227 a composite number?
True
Is 25657 a composite number?
False
Is 2033 composite?
True
Is 4583 a composite number?
False
Is 825407 a composite number?
True
Is 272951 composite?
True
Is 2479 composite?
True
Is 131381 a prime number?
True
Is 579239 a prime number?
True
Is 548623 prime?
True
Is 1889863 a composite number?
True
Is 2965 prime?
False
Is 768611 composite?
True
Is 4009 composite?
True
Is 182153 prime?
False
Is 6247 composite?
False
Is 1317709 a prime number?
False
Is 2333 prime?
True
Is 445583 composite?
False
Is 1176023 prime?
True
Is 43697 a composite number?
True
Is 12479 a prime number?
True
Is 40855 a prime number?
False
Is 6821 a composite number?
True
Is 93701 composite?
False
Is 210439 a composite number?
True
Is 302111 composite?
False
Is 686167 composite?
True
Is 569963 composite?
True
Is 563759 composite?
True
Is 1151 composite?
False
Is 389051 prime?
False
Is 683 composite?
False
Is 30089 prime?
True
Is 536131 prime?
False
Is 3991 composite?
True
Is 13517 prime?
False
Is 35635 prime?
False
Is 216841 a composite number?
False
Is 3631 prime?
True
Is 78229 a prime number?
True
Is 12641 a prime number?
True
Is 37409 a composite number?
False
Is 43801 a prime number?
True
Is 19957 composite?
True
Is 22613 a composite number?
False
Is 4303 prime?
False
Is 6353 a composite number?
False
Is 1298333 composite?
False
Is 11579 composite?
False
Is 34027 composite?
True
Is 2237 a prime number?
True
Is 872311 a prime number?
False
Is 787 composite?
False
Is 9659 composite?
True
Is 16163 composite?
True
Is 24601 prime?
False
Is 5951 composite?
True
Is 8885 a prime number?
False
Is 16841 a prime number?
False
Is 474533 a prime number?
True
Is 15503 composite?
True
Is 69973 a composite number?
True
Is 8746 composite?
True
Is 34807 composite?
False
Is 8923 composite?
False
Is 395809 a composite number?
True
Is 3052351 prime?
True
Is 67109 prime?
False
Is 26689 prime?
False
Is 116267 composite?
True
Is 6637 a composite number?
False
Is 254081 prime?
False
Is 99391 prime?
True
Is 16603 prime?
True
Is 4853 a prime number?
False
Is 13523 prime?
True
Is 518621 a prime number?
True
Is 169401 a composite number?
True
Is 160309 a prime number?
True
Is 9109 a composite number?
False
Is 3631 a composite number?
False
Is 1511 a prime number?
True
Is 6803 composite?
False
Is 926105 a prime number?
False
Is 190387 a composite number?
False
Is 35237 a composite number?
True
Is 313307 a composite number?
False
Is 40589 a prime number?
False
Is 2161 prime?
True
Is 502 composite?
True
Is 617759 prime?
True
Is 32639 a prime number?
False
Is 527 a prime number?
False
Is 145009 composite?
False
Is 16489 prime?
False
Is 11199 a composite number?
True
Is 2063 a prime number?
True
Is 876697 prime?
False
Is 17257 prime?
True
Is 3197 composite?
True
Is 59183 a composite number?
False
Is 2487 a composite number?
True
Is 541 prime?
True
Is 65413 a prime number?
True
Is 776287 a composite number?
False
Is 353867 a composite number?
False
Is 371707 composite?
True
Is 106651 a composite number?
True
Is 4267399 composite?
False
Is 52031 a composite number?
True
Is 713 prime?
False
Is 7321 composite?
False
Is 94291 composite?
False
Is 99173 prime?
True
Is 8219 a prime number?
True
Is 33691 prime?
False
Is 5471 a prime number?
True
Is 11777 a prime number?
True
Is 68711 a composite number?
False
Is 6357491 composite?
True
Is 27997 a prime number?
True
Is 13223 prime?
False
Is 1511 composite?
False
Is 4127 a composite number?
False
Is 13441 a composite number?
False
Is 35491 prime?
True
Is 110365 a composite number?
True
Is 4611098 a prime number?
False
Is 70762 prime?
False
Is 6331 a prime number?
False
Is 40607 a prime number?
False
Is 105401 prime?
True
Is 40295 composite?
True
Is 2117 a prime number?
False
Is 250423 a composite number?
False
Is 23915 a composite number?
True
Is 2203 composite?
False
Is 19471 a composite number?
False
Is 745 a composite number?
True
Is 9019 a composite number?
True
Is 5947 composite?
True
Is 599741 a prime number?
True
Is 700999 a prime number?
False
Is 102967 prime?
True
Is 1020829 a composite number?
True
Is 17771 composite?
True
Is 10871 a prime number?
False
Is 4609 composite?
True
Is 44927 a composite number?
False
Is 563249 a prime number?
True
Is 1966663 composite?
False
Is 24902 composite?
True
Is 99661 composite?
False
Is 505871 composite?
False
Is 236594 a composite number?
True
Is 67423 prime?
False
Is 295 prime?
False
Is 13063 prime?
True
Is 1115233 composite?
True
Is 23245 a prime number?
False
Is 52661 prime?
False
Is 9091 composite?
False
Is 200569 composite?
False
Is 208547 composite?
True
Is 73121 a composite number?
False
Is 119057 a composite number?
False
Is 327895 a composite number?
True
Is 5839 a prime number?
True
Is 18623 a composite number?
True
Is 405131 a prime number?
False
Is 13223 a prime number?
False
Is 718251 composite?
True
Is 23357 a composite number?
False
Is 34667 a prime number?
True
Is 371793 a prime number?
False
Is 1561741 a prime number?
True
Is 611651 a composite number?
True
Is 30649 prime?
True
Is 277087 a composite number?
False
Is 105503 composite?
False
Is 18119 prime?
True
Is 9391 prime?
True
Is 2927 prime?
True
Is 2757091 a composite number?
False
Is 23507 composite?
True
Is 48419 prime?
False
Is 211363 a prime number?
False
Is 138981 composite?
True
Is 1807531 prime?
False
Is 477827 composite?
True
Is 701 composite?
False
Is 18077 a composite number?
False
Is 3558994 composite?
True
Is 52141 prime?
False
Is 23269 a prime number?
True
Is 1331567 a prime number?
True
Is 41381 prime?
True
Is 16771 a composite number?
True
Is 32605 a prime number?
False
Is 368527 a prime number?
False
Is 20563 a prime number?
True
Is 843 composite?
True
Is 5519 a composite number?
False
Is 35491 prime?
True
Is 2671 a composite number?
False
Is 6521 a prime number?
True
Is 288937 prime?
False
Is 25793 a prime number?
True
Is 321163 a prime number?
True
Is 6953 composite?
True
Is 90959 a prime number?
False
Is 369791 a prime number?
True
Is 6901 prime?
False
Is 1257 a composite number?
True
Is 766553 composite?
False
Is 8051 composite?
True
Is 85881 a compos